{"id":573,"date":"2015-03-21T09:38:55","date_gmt":"2015-03-21T08:38:55","guid":{"rendered":"https:\/\/etival-ronchaux.fr\/?page_id=573"},"modified":"2015-04-15T18:17:16","modified_gmt":"2015-04-15T17:17:16","slug":"le-village-d-etival-1833","status":"publish","type":"page","link":"https:\/\/etival-ronchaux.fr\/?page_id=573","title":{"rendered":"Le village d&rsquo; \u00c9tival (1833)"},"content":{"rendered":"<p><a href=\"https:\/\/etival-ronchaux.fr\/wp-content\/uploads\/2015\/03\/metivalvil.jpg\"><img fetchpriority=\"high\" decoding=\"async\" class=\"alignnone size-full wp-image-568\" src=\"https:\/\/etival-ronchaux.fr\/wp-content\/uploads\/2015\/03\/metivalvil.jpg\" alt=\"metivalvil\" width=\"940\" height=\"936\" srcset=\"https:\/\/etival-ronchaux.fr\/wp-content\/uploads\/2015\/03\/metivalvil.jpg 940w, https:\/\/etival-ronchaux.fr\/wp-content\/uploads\/2015\/03\/metivalvil-150x150.jpg 150w, https:\/\/etival-ronchaux.fr\/wp-content\/uploads\/2015\/03\/metivalvil-300x300.jpg 300w\" sizes=\"(max-width: 940px) 100vw, 940px\" \/><\/a><\/p>\n<p>Selon assemblages des plans du cadastre de 1833. (Archives d\u00e9partementales 39)<br \/>\nAu recensement de 1836 la commune des deux villages, d\u00e9clarait 553 habitants.<br \/>\n<button type=\"button\" onclick=\"window.history.back();\" >Page Pr\u00e9c\u00e9dente<\/button><\/p>\n","protected":false},"excerpt":{"rendered":"<p>Selon assemblages des plans du cadastre de 1833. (Archives d\u00e9partementales 39) Au recensement de 1836 la commune des deux villages, d\u00e9clarait 553 habitants. Page Pr\u00e9c\u00e9dente<\/p>\n","protected":false},"author":1,"featured_media":0,"parent":540,"menu_order":0,"comment_status":"closed","ping_status":"closed","template":"","meta":{"footnotes":""},"class_list":["post-573","page","type-page","status-publish","hentry"],"_links":{"self":[{"href":"https:\/\/etival-ronchaux.fr\/index.php?rest_route=\/wp\/v2\/pages\/573","targetHints":{"allow":["GET"]}}],"collection":[{"href":"https:\/\/etival-ronchaux.fr\/index.php?rest_route=\/wp\/v2\/pages"}],"about":[{"href":"https:\/\/etival-ronchaux.fr\/index.php?rest_route=\/wp\/v2\/types\/page"}],"author":[{"embeddable":true,"href":"https:\/\/etival-ronchaux.fr\/index.php?rest_route=\/wp\/v2\/users\/1"}],"replies":[{"embeddable":true,"href":"https:\/\/etival-ronchaux.fr\/index.php?rest_route=%2Fwp%2Fv2%2Fcomments&post=573"}],"version-history":[{"count":3,"href":"https:\/\/etival-ronchaux.fr\/index.php?rest_route=\/wp\/v2\/pages\/573\/revisions"}],"predecessor-version":[{"id":654,"href":"https:\/\/etival-ronchaux.fr\/index.php?rest_route=\/wp\/v2\/pages\/573\/revisions\/654"}],"up":[{"embeddable":true,"href":"https:\/\/etival-ronchaux.fr\/index.php?rest_route=\/wp\/v2\/pages\/540"}],"wp:attachment":[{"href":"https:\/\/etival-ronchaux.fr\/index.php?rest_route=%2Fwp%2Fv2%2Fmedia&parent=573"}],"curies":[{"name":"wp","href":"https:\/\/api.w.org\/{rel}","templated":true}]}}